{"id":322,"date":"2012-07-17T17:54:14","date_gmt":"2012-07-17T16:54:14","guid":{"rendered":"http:\/\/www.yoannpaounoff.com\/blog\/?page_id=322"},"modified":"2025-09-04T09:12:50","modified_gmt":"2025-09-04T08:12:50","slug":"cv","status":"publish","type":"page","link":"https:\/\/www.yoannpaounoff.com\/blog\/cv\/","title":{"rendered":"CV&#8230;interactif !"},"content":{"rendered":"<p><strong>Expositions personnelles<\/strong> :<\/p>\n<p>2019, \u00catres Et Doubles, Salon du Louxor, Paris, France<\/p>\n<p><a href=\"https:\/\/www.yoannpaounoff.com\/blog\/me-contacter\/un-paounoff-un-palazzo\/\">2016, Il Palazzo di Paounoff, 22 rue du mus\u00e9e, Marseille, France<\/a><\/p>\n<p><a href=\"https:\/\/www.yoannpaounoff.com\/blog\/me-contacter\/signer-le-doute\/\">2015, Signer le doute ; Espace des arts sans fronti\u00e8res, Paris, France<\/a><\/p>\n<p><a href=\"https:\/\/www.yoannpaounoff.com\/blog\/me-contacter\/lorsque-lhomme-na-rien\/\">2013, Lorsqu\u2019il n\u2019a rien, l\u2019homme se satisfait de tout ; Espace des arts\u00a0sans fronti\u00e8res, Paris, France<\/a><\/p>\n<p>2013, Confrontations ; \u00e0 la galerie Point Dor\u00e9 , Paris, France<\/p>\n<p>2012, Empreinte de mon temps ; Espace Gainville, Aulnay-sous-Bois, France<\/p>\n<p><strong>Expositions Collectives<\/strong> :<\/p>\n<p>2020, Douce Errance ; Espace Christiane Peugeot, Paris, France<\/p>\n<p><a href=\"https:\/\/www.yoannpaounoff.com\/blog\/supernaturel\/\">2014, Supernaturel ; Fondation d\u2019entreprise Ricard, Paris, France<\/a><\/p>\n<p>2011, Novembre \u00e0 Vitry, Galerie municipale Jean Colet, Vitry-sur-seine, France<\/p>\n<p><a href=\"https:\/\/www.yoannpaounoff.com\/blog\/respirar-cie-2009-2010\/\">2010, Mouvement des Atomes, Mobilit\u00e9 des Formes ; palais des beaux arts, Paris, France<\/a><\/p>\n<p><strong>TRAVAIL PERSONNEL<\/strong><\/p>\n<p>Depuis l\u2019obtention de <a href=\"https:\/\/www.yoannpaounoff.com\/blog\/me-contacter\/les-deploiements-conquerants-2009\/\">mon dipl\u00f4me,<\/a> je travaille..ma peinture et je me bats pour continuer \u00e0 le faire !<\/p>\n<p><strong>Collaborations artistiques<\/strong> :<\/p>\n<p>2014 &#8211; 2015 : Travail sur l\u2019illustration de po\u00e8mes de R.M. Rilke avec le Po\u00e8te et traducteur\u00a0 C. Hervet<\/p>\n<p>2009 : publication de dessins dans la revue \u00ab L\u2019\u00c9lan Cr\u00e9atif \u00bb, \u00e9ditions Lienart dirig\u00e9e par Didier Semin<\/p>\n","protected":false},"excerpt":{"rendered":"<p>Expositions personnelles : 2019, \u00catres Et Doubles, Salon du Louxor, Paris, France 2016, Il Palazzo di Paounoff, 22 rue du mus\u00e9e, Marseille, France 2015, Signer le doute ; Espace des arts sans fronti\u00e8res, Paris, France 2013, Lorsqu\u2019il n\u2019a rien, l\u2019homme se satisfait de tout ; Espace des arts\u00a0sans fronti\u00e8res, Paris, France 2013, Confrontations ; \u00e0 [&hellip;]<\/p>\n","protected":false},"author":1,"featured_media":0,"parent":0,"menu_order":6,"comment_status":"closed","ping_status":"closed","template":"","meta":{"site-sidebar-layout":"default","site-content-layout":"","ast-site-content-layout":"default","site-content-style":"default","site-sidebar-style":"default","ast-global-header-display":"","ast-banner-title-visibility":"","ast-main-header-display":"","ast-hfb-above-header-display":"","ast-hfb-below-header-display":"","ast-hfb-mobile-header-display":"","site-post-title":"","ast-breadcrumbs-content":"","ast-featured-img":"","footer-sml-layout":"","ast-disable-related-posts":"","theme-transparent-header-meta":"","adv-header-id-meta":"","stick-header-meta":"","header-above-stick-meta":"","header-main-stick-meta":"","header-below-stick-meta":"","astra-migrate-meta-layouts":"default","ast-page-background-enabled":"default","ast-page-background-meta":{"desktop":{"background-color":"var(--ast-global-color-5)","background-image":"","background-repeat":"repeat","background-position":"center center","background-size":"auto","background-attachment":"scroll","background-type":"","background-media":"","overlay-type":"","overlay-color":"","overlay-opacity":"","overlay-gradient":""},"tablet":{"background-color":"","background-image":"","background-repeat":"repeat","background-position":"center center","background-size":"auto","background-attachment":"scroll","background-type":"","background-media":"","overlay-type":"","overlay-color":"","overlay-opacity":"","overlay-gradient":""},"mobile":{"background-color":"","background-image":"","background-repeat":"repeat","background-position":"center center","background-size":"auto","background-attachment":"scroll","background-type":"","background-media":"","overlay-type":"","overlay-color":"","overlay-opacity":"","overlay-gradient":""}},"ast-content-background-meta":{"desktop":{"background-color":"var(--ast-global-color-4)","background-image":"","background-repeat":"repeat","background-position":"center center","background-size":"auto","background-attachment":"scroll","background-type":"","background-media":"","overlay-type":"","overlay-color":"","overlay-opacity":"","overlay-gradient":""},"tablet":{"background-color":"var(--ast-global-color-4)","background-image":"","background-repeat":"repeat","background-position":"center center","background-size":"auto","background-attachment":"scroll","background-type":"","background-media":"","overlay-type":"","overlay-color":"","overlay-opacity":"","overlay-gradient":""},"mobile":{"background-color":"var(--ast-global-color-4)","background-image":"","background-repeat":"repeat","background-position":"center center","background-size":"auto","background-attachment":"scroll","background-type":"","background-media":"","overlay-type":"","overlay-color":"","overlay-opacity":"","overlay-gradient":""}},"jetpack_post_was_ever_published":false,"footnotes":""},"class_list":["post-322","page","type-page","status-publish","hentry"],"yoast_head":"<!-- This site is optimized with the Yoast SEO plugin v27.5 - https:\/\/yoast.com\/product\/yoast-seo-wordpress\/ -->\n<title>CV...interactif ! - PAOUNOFF ?<\/title>\n<meta name=\"robots\" content=\"index, follow, max-snippet:-1, max-image-preview:large, max-video-preview:-1\" \/>\n<link rel=\"canonical\" href=\"https:\/\/www.yoannpaounoff.com\/blog\/cv\/\" \/>\n<meta property=\"og:locale\" content=\"fr_FR\" \/>\n<meta property=\"og:type\" content=\"article\" \/>\n<meta property=\"og:title\" content=\"CV...interactif ! - PAOUNOFF ?\" \/>\n<meta property=\"og:description\" content=\"Expositions personnelles : 2019, \u00catres Et Doubles, Salon du Louxor, Paris, France 2016, Il Palazzo di Paounoff, 22 rue du mus\u00e9e, Marseille, France 2015, Signer le doute ; Espace des arts sans fronti\u00e8res, Paris, France 2013, Lorsqu\u2019il n\u2019a rien, l\u2019homme se satisfait de tout ; Espace des arts\u00a0sans fronti\u00e8res, Paris, France 2013, Confrontations ; \u00e0 [&hellip;]\" \/>\n<meta property=\"og:url\" content=\"https:\/\/www.yoannpaounoff.com\/blog\/cv\/\" \/>\n<meta property=\"og:site_name\" content=\"PAOUNOFF ?\" \/>\n<meta property=\"article:modified_time\" content=\"2025-09-04T08:12:50+00:00\" \/>\n<meta name=\"twitter:card\" content=\"summary_large_image\" \/>\n<meta name=\"twitter:label1\" content=\"Dur\u00e9e de lecture estim\u00e9e\" \/>\n\t<meta name=\"twitter:data1\" content=\"1 minute\" \/>\n<script type=\"application\/ld+json\" class=\"yoast-schema-graph\">{\"@context\":\"https:\\\/\\\/schema.org\",\"@graph\":[{\"@type\":\"WebPage\",\"@id\":\"https:\\\/\\\/www.yoannpaounoff.com\\\/blog\\\/cv\\\/\",\"url\":\"https:\\\/\\\/www.yoannpaounoff.com\\\/blog\\\/cv\\\/\",\"name\":\"CV...interactif ! - PAOUNOFF ?\",\"isPartOf\":{\"@id\":\"https:\\\/\\\/www.yoannpaounoff.com\\\/blog\\\/#website\"},\"datePublished\":\"2012-07-17T16:54:14+00:00\",\"dateModified\":\"2025-09-04T08:12:50+00:00\",\"breadcrumb\":{\"@id\":\"https:\\\/\\\/www.yoannpaounoff.com\\\/blog\\\/cv\\\/#breadcrumb\"},\"inLanguage\":\"fr-FR\",\"potentialAction\":[{\"@type\":\"ReadAction\",\"target\":[\"https:\\\/\\\/www.yoannpaounoff.com\\\/blog\\\/cv\\\/\"]}]},{\"@type\":\"BreadcrumbList\",\"@id\":\"https:\\\/\\\/www.yoannpaounoff.com\\\/blog\\\/cv\\\/#breadcrumb\",\"itemListElement\":[{\"@type\":\"ListItem\",\"position\":1,\"name\":\"Accueil\",\"item\":\"https:\\\/\\\/www.yoannpaounoff.com\\\/blog\\\/\"},{\"@type\":\"ListItem\",\"position\":2,\"name\":\"CV&#8230;interactif !\"}]},{\"@type\":\"WebSite\",\"@id\":\"https:\\\/\\\/www.yoannpaounoff.com\\\/blog\\\/#website\",\"url\":\"https:\\\/\\\/www.yoannpaounoff.com\\\/blog\\\/\",\"name\":\"PAOUNOFF ?\",\"description\":\"vite!\",\"publisher\":{\"@id\":\"https:\\\/\\\/www.yoannpaounoff.com\\\/blog\\\/#organization\"},\"potentialAction\":[{\"@type\":\"SearchAction\",\"target\":{\"@type\":\"EntryPoint\",\"urlTemplate\":\"https:\\\/\\\/www.yoannpaounoff.com\\\/blog\\\/?s={search_term_string}\"},\"query-input\":{\"@type\":\"PropertyValueSpecification\",\"valueRequired\":true,\"valueName\":\"search_term_string\"}}],\"inLanguage\":\"fr-FR\"},{\"@type\":\"Organization\",\"@id\":\"https:\\\/\\\/www.yoannpaounoff.com\\\/blog\\\/#organization\",\"name\":\"PAOUNOFF ?\",\"url\":\"https:\\\/\\\/www.yoannpaounoff.com\\\/blog\\\/\",\"logo\":{\"@type\":\"ImageObject\",\"inLanguage\":\"fr-FR\",\"@id\":\"https:\\\/\\\/www.yoannpaounoff.com\\\/blog\\\/#\\\/schema\\\/logo\\\/image\\\/\",\"url\":\"https:\\\/\\\/i0.wp.com\\\/www.yoannpaounoff.com\\\/blog\\\/wp-content\\\/uploads\\\/2025\\\/09\\\/cropped-IMG_7833.jpeg?fit=190%2C190&ssl=1\",\"contentUrl\":\"https:\\\/\\\/i0.wp.com\\\/www.yoannpaounoff.com\\\/blog\\\/wp-content\\\/uploads\\\/2025\\\/09\\\/cropped-IMG_7833.jpeg?fit=190%2C190&ssl=1\",\"width\":190,\"height\":190,\"caption\":\"PAOUNOFF ?\"},\"image\":{\"@id\":\"https:\\\/\\\/www.yoannpaounoff.com\\\/blog\\\/#\\\/schema\\\/logo\\\/image\\\/\"}}]}<\/script>\n<!-- \/ Yoast SEO plugin. -->","yoast_head_json":{"title":"CV...interactif ! - PAOUNOFF ?","robots":{"index":"index","follow":"follow","max-snippet":"max-snippet:-1","max-image-preview":"max-image-preview:large","max-video-preview":"max-video-preview:-1"},"canonical":"https:\/\/www.yoannpaounoff.com\/blog\/cv\/","og_locale":"fr_FR","og_type":"article","og_title":"CV...interactif ! - PAOUNOFF ?","og_description":"Expositions personnelles : 2019, \u00catres Et Doubles, Salon du Louxor, Paris, France 2016, Il Palazzo di Paounoff, 22 rue du mus\u00e9e, Marseille, France 2015, Signer le doute ; Espace des arts sans fronti\u00e8res, Paris, France 2013, Lorsqu\u2019il n\u2019a rien, l\u2019homme se satisfait de tout ; Espace des arts\u00a0sans fronti\u00e8res, Paris, France 2013, Confrontations ; \u00e0 [&hellip;]","og_url":"https:\/\/www.yoannpaounoff.com\/blog\/cv\/","og_site_name":"PAOUNOFF ?","article_modified_time":"2025-09-04T08:12:50+00:00","twitter_card":"summary_large_image","twitter_misc":{"Dur\u00e9e de lecture estim\u00e9e":"1 minute"},"schema":{"@context":"https:\/\/schema.org","@graph":[{"@type":"WebPage","@id":"https:\/\/www.yoannpaounoff.com\/blog\/cv\/","url":"https:\/\/www.yoannpaounoff.com\/blog\/cv\/","name":"CV...interactif ! - PAOUNOFF ?","isPartOf":{"@id":"https:\/\/www.yoannpaounoff.com\/blog\/#website"},"datePublished":"2012-07-17T16:54:14+00:00","dateModified":"2025-09-04T08:12:50+00:00","breadcrumb":{"@id":"https:\/\/www.yoannpaounoff.com\/blog\/cv\/#breadcrumb"},"inLanguage":"fr-FR","potentialAction":[{"@type":"ReadAction","target":["https:\/\/www.yoannpaounoff.com\/blog\/cv\/"]}]},{"@type":"BreadcrumbList","@id":"https:\/\/www.yoannpaounoff.com\/blog\/cv\/#breadcrumb","itemListElement":[{"@type":"ListItem","position":1,"name":"Accueil","item":"https:\/\/www.yoannpaounoff.com\/blog\/"},{"@type":"ListItem","position":2,"name":"CV&#8230;interactif !"}]},{"@type":"WebSite","@id":"https:\/\/www.yoannpaounoff.com\/blog\/#website","url":"https:\/\/www.yoannpaounoff.com\/blog\/","name":"PAOUNOFF ?","description":"vite!","publisher":{"@id":"https:\/\/www.yoannpaounoff.com\/blog\/#organization"},"potentialAction":[{"@type":"SearchAction","target":{"@type":"EntryPoint","urlTemplate":"https:\/\/www.yoannpaounoff.com\/blog\/?s={search_term_string}"},"query-input":{"@type":"PropertyValueSpecification","valueRequired":true,"valueName":"search_term_string"}}],"inLanguage":"fr-FR"},{"@type":"Organization","@id":"https:\/\/www.yoannpaounoff.com\/blog\/#organization","name":"PAOUNOFF ?","url":"https:\/\/www.yoannpaounoff.com\/blog\/","logo":{"@type":"ImageObject","inLanguage":"fr-FR","@id":"https:\/\/www.yoannpaounoff.com\/blog\/#\/schema\/logo\/image\/","url":"https:\/\/i0.wp.com\/www.yoannpaounoff.com\/blog\/wp-content\/uploads\/2025\/09\/cropped-IMG_7833.jpeg?fit=190%2C190&ssl=1","contentUrl":"https:\/\/i0.wp.com\/www.yoannpaounoff.com\/blog\/wp-content\/uploads\/2025\/09\/cropped-IMG_7833.jpeg?fit=190%2C190&ssl=1","width":190,"height":190,"caption":"PAOUNOFF ?"},"image":{"@id":"https:\/\/www.yoannpaounoff.com\/blog\/#\/schema\/logo\/image\/"}}]}},"jetpack_sharing_enabled":true,"jetpack_shortlink":"https:\/\/wp.me\/P9VcMJ-5c","_links":{"self":[{"href":"https:\/\/www.yoannpaounoff.com\/blog\/wp-json\/wp\/v2\/pages\/322","targetHints":{"allow":["GET"]}}],"collection":[{"href":"https:\/\/www.yoannpaounoff.com\/blog\/wp-json\/wp\/v2\/pages"}],"about":[{"href":"https:\/\/www.yoannpaounoff.com\/blog\/wp-json\/wp\/v2\/types\/page"}],"author":[{"embeddable":true,"href":"https:\/\/www.yoannpaounoff.com\/blog\/wp-json\/wp\/v2\/users\/1"}],"replies":[{"embeddable":true,"href":"https:\/\/www.yoannpaounoff.com\/blog\/wp-json\/wp\/v2\/comments?post=322"}],"version-history":[{"count":41,"href":"https:\/\/www.yoannpaounoff.com\/blog\/wp-json\/wp\/v2\/pages\/322\/revisions"}],"predecessor-version":[{"id":1248,"href":"https:\/\/www.yoannpaounoff.com\/blog\/wp-json\/wp\/v2\/pages\/322\/revisions\/1248"}],"wp:attachment":[{"href":"https:\/\/www.yoannpaounoff.com\/blog\/wp-json\/wp\/v2\/media?parent=322"}],"curies":[{"name":"wp","href":"https:\/\/api.w.org\/{rel}","templated":true}]}}